{"id":18,"date":"2020-08-28T09:38:29","date_gmt":"2020-08-28T07:38:29","guid":{"rendered":"http:\/\/www.saintemadeleine.fr\/?page_id=18"},"modified":"2020-09-10T10:56:08","modified_gmt":"2020-09-10T08:56:08","slug":"les-associations","status":"publish","type":"page","link":"http:\/\/www.saintemadeleine.fr\/?page_id=18","title":{"rendered":"Les associations"},"content":{"rendered":"\n<h2 class=\"has-text-align-center has-pale-pink-color has-text-color wp-block-heading\">L&rsquo;Organisme de Gestion des \u00c9coles Catholiques : OGEC<\/h2>\n\n\n\n<div class=\"wp-block-image is-style-rounded\"><figure class=\"aligncenter size-large is-resized\"><img loading=\"lazy\" decoding=\"async\" src=\"http:\/\/www.saintemadeleine.fr\/wp-content\/uploads\/2020\/09\/conservation-des-documents-comptables.jpg\" alt=\"\" class=\"wp-image-132\" width=\"300\" height=\"225\" srcset=\"http:\/\/www.saintemadeleine.fr\/wp-content\/uploads\/2020\/09\/conservation-des-documents-comptables.jpg 400w, http:\/\/www.saintemadeleine.fr\/wp-content\/uploads\/2020\/09\/conservation-des-documents-comptables-300x225.jpg 300w\" sizes=\"(max-width: 300px) 100vw, 300px\" \/><\/figure><\/div>\n\n\n\n<div class=\"wp-block-cover has-background-dim has-background-gradient has-luminous-dusk-gradient-background\"><div class=\"wp-block-cover__inner-container is-layout-flow wp-block-cover-is-layout-flow\">\n<p class=\"has-black-color has-text-color\">\u200bLa gestion des \u00e9tablissements de l\u2019enseignement catholique est assur\u00e9e par leur OGEC (association loi 1901) qui donne \u00e0 l\u2019\u00e9tablissement scolaire priv\u00e9 catholique, son existence juridique et sa personnalit\u00e9 morale lui permettant d\u2019exercer l\u00e9galement ses activit\u00e9s.<\/p>\n\n\n\n<p class=\"has-black-color has-text-color\">Son r\u00f4le est d\u2019ordre administratif, mat\u00e9riel et financier en liaison avec le chef d\u2019\u00e9tablissement. Il est compos\u00e9 de b\u00e9n\u00e9voles soucieux d\u2019accomplir un service d\u2019\u00e9glise en mettant leurs comp\u00e9tences professionnelles \u00e0 la disposition de l\u2019Enseignement Catholique pour l\u2019\u00e9cole Sainte Madeleine.<\/p>\n\n\n\n<p class=\"has-black-color has-text-color\">\u200bL\u2019Ogec doit faire face \u00e0 toutes les charges de fonctionnement :&nbsp;<\/p>\n\n\n\n<ul><li>salaires du personnel non enseignant ou enseignant contractuel.<\/li><li>charges sociales<\/li><li>entretien et am\u00e9nagement des locaux<\/li><li>restauration scolaire<\/li><li>chauffage, \u00e9clairage et s\u00e9curit\u00e9<\/li><li>investissements immobiliers ou mat\u00e9riel p\u00e9dagogique<\/li><li>mat\u00e9riel scolaire<\/li><\/ul>\n\n\n\n<p class=\"has-black-color has-text-color\">\u200bIl doit s\u2019assurer que l\u2019\u00e9tablissement fonctionne dans les meilleures conditions possibles.<\/p>\n\n\n\n<p class=\"has-black-color has-text-color\">\u200bPour cela l\u2019Ogec a diff\u00e9rentes ressources :<\/p>\n\n\n\n<ul><li>&nbsp;Un forfait vers\u00e9 par la commune (contrat d\u2019association)<\/li><li>&nbsp;Les contributions pay\u00e9es par les familles<\/li><li>&nbsp;L\u2019encaissement des cantines<\/li><li>&nbsp;Les legs, dons et subventions diverses<\/li><\/ul>\n\n\n\n<p class=\"has-black-color has-text-color\">\u200bTout au long de l\u2019ann\u00e9e les membres du conseil d\u2019administration qui sont des b\u00e9n\u00e9voles se r\u00e9unissent pour veiller au bon fonctionnement de l\u2019\u00e9tablissement.&nbsp;<\/p>\n<\/div><\/div>\n\n\n\n<h2 class=\"has-text-align-center has-vivid-green-cyan-color has-text-color wp-block-heading\">L&rsquo;amicale des \u00e9coles libres<\/h2>\n\n\n\n<div class=\"wp-block-image is-style-rounded\"><figure class=\"aligncenter size-large is-resized\"><img loading=\"lazy\" decoding=\"async\" src=\"http:\/\/www.saintemadeleine.fr\/wp-content\/uploads\/2020\/09\/Batiment-primaire-1024x768.jpg\" alt=\"\" class=\"wp-image-134\" width=\"512\" height=\"384\" srcset=\"http:\/\/www.saintemadeleine.fr\/wp-content\/uploads\/2020\/09\/Batiment-primaire-1024x768.jpg 1024w, http:\/\/www.saintemadeleine.fr\/wp-content\/uploads\/2020\/09\/Batiment-primaire-300x225.jpg 300w, http:\/\/www.saintemadeleine.fr\/wp-content\/uploads\/2020\/09\/Batiment-primaire-768x576.jpg 768w, http:\/\/www.saintemadeleine.fr\/wp-content\/uploads\/2020\/09\/Batiment-primaire-1536x1152.jpg 1536w, http:\/\/www.saintemadeleine.fr\/wp-content\/uploads\/2020\/09\/Batiment-primaire.jpg 1600w\" sizes=\"(max-width: 512px) 100vw, 512px\" \/><\/figure><\/div>\n\n\n\n<div class=\"wp-block-cover has-background-dim has-background-gradient has-electric-grass-gradient-background\"><div class=\"wp-block-cover__inner-container is-layout-flow wp-block-cover-is-layout-flow\">\n<p class=\"has-text-align-left has-black-color has-text-color\">L\u2019Amicale des \u00e9coles libres de Cabannes est constitu\u00e9e d\u2019anciens \u00e9l\u00e8ves, elle est propri\u00e9taire des locaux de l\u2019\u00e9cole et elle en g\u00e8re les gros travaux et l\u2019entretien en partenariat avec l\u2019Ogec.<\/p>\n\n\n\n<p class=\"has-black-color has-text-color\">Elle existe depuis la cr\u00e9ation de l\u2019\u00e9cole. C\u2019est elle qui a financ\u00e9 la cr\u00e9ation des classes de maternelles, le nouveau syst\u00e8me de chauffage, l\u2019installation de la climatisation dans toutes les classes et la mise aux normes de tous les \u00e9clairages des classes.<\/p>\n<\/div><\/div>\n\n\n\n<h2 class=\"has-text-align-center has-vivid-red-color has-text-color wp-block-heading\">L&rsquo;Association des Parents De l&rsquo;Ecole Libre : APEL<\/h2>\n\n\n\n<div class=\"wp-block-image\"><figure class=\"aligncenter size-large\"><img loading=\"lazy\" decoding=\"async\" width=\"1024\" height=\"701\" src=\"http:\/\/www.saintemadeleine.fr\/wp-content\/uploads\/2020\/09\/IMAGE-APEL-1024x701.jpg\" alt=\"\" class=\"wp-image-135\" srcset=\"http:\/\/www.saintemadeleine.fr\/wp-content\/uploads\/2020\/09\/IMAGE-APEL-1024x701.jpg 1024w, http:\/\/www.saintemadeleine.fr\/wp-content\/uploads\/2020\/09\/IMAGE-APEL-300x206.jpg 300w, http:\/\/www.saintemadeleine.fr\/wp-content\/uploads\/2020\/09\/IMAGE-APEL-768x526.jpg 768w, http:\/\/www.saintemadeleine.fr\/wp-content\/uploads\/2020\/09\/IMAGE-APEL.jpg 1270w\" sizes=\"(max-width: 1024px) 100vw, 1024px\" \/><\/figure><\/div>\n\n\n\n<h2 class=\"has-text-align-center has-luminous-vivid-amber-color has-text-color wp-block-heading\">Les partenaires institutionnels<\/h2>\n\n\n\n<div class=\"wp-block-cover aligncenter has-background-dim\" style=\"background-image:url(http:\/\/www.saintemadeleine.fr\/wp-content\/uploads\/2020\/09\/logo_ec-scaled.jpg)\"><div class=\"wp-block-cover__inner-container is-layout-flow wp-block-cover-is-layout-flow\">\n<p class=\"has-text-align-center has-black-color has-text-color has-large-font-size\"><a href=\"https:\/\/ec-aixmarseille.fr\/\">https:\/\/ec-aixmarseille.fr\/<\/a><\/p>\n<\/div><\/div>\n\n\n\n<p><\/p>\n","protected":false},"excerpt":{"rendered":"<p>L&rsquo;Organisme de Gestion des \u00c9coles Catholiques : OGEC L&rsquo;amicale des \u00e9coles libres L&rsquo;Association des Parents De l&rsquo;Ecole Libre : APEL &hellip; <\/p>\n","protected":false},"author":2,"featured_media":0,"parent":0,"menu_order":0,"comment_status":"closed","ping_status":"closed","template":"","meta":{"footnotes":""},"post_mailing_queue_ids":[],"_links":{"self":[{"href":"http:\/\/www.saintemadeleine.fr\/index.php?rest_route=\/wp\/v2\/pages\/18"}],"collection":[{"href":"http:\/\/www.saintemadeleine.fr\/index.php?rest_route=\/wp\/v2\/pages"}],"about":[{"href":"http:\/\/www.saintemadeleine.fr\/index.php?rest_route=\/wp\/v2\/types\/page"}],"author":[{"embeddable":true,"href":"http:\/\/www.saintemadeleine.fr\/index.php?rest_route=\/wp\/v2\/users\/2"}],"replies":[{"embeddable":true,"href":"http:\/\/www.saintemadeleine.fr\/index.php?rest_route=%2Fwp%2Fv2%2Fcomments&post=18"}],"version-history":[{"count":5,"href":"http:\/\/www.saintemadeleine.fr\/index.php?rest_route=\/wp\/v2\/pages\/18\/revisions"}],"predecessor-version":[{"id":139,"href":"http:\/\/www.saintemadeleine.fr\/index.php?rest_route=\/wp\/v2\/pages\/18\/revisions\/139"}],"wp:attachment":[{"href":"http:\/\/www.saintemadeleine.fr\/index.php?rest_route=%2Fwp%2Fv2%2Fmedia&parent=18"}],"curies":[{"name":"wp","href":"https:\/\/api.w.org\/{rel}","templated":true}]}}

<h2 class="has-text-align-center has-pale-pink-color has-text-color wp-block-heading">L&rsquo;Organisme de Gestion des Écoles Catholiques : OGEC</h2>



<div class="wp-block-image is-style-rounded"><figure class="aligncenter size-large is-resized"><img loading="lazy" decoding="async" src="http://www.saintemadeleine.fr/wp-content/uploads/2020/09/conservation-des-documents-comptables.jpg" alt="" class="wp-image-132" width="300" height="225" srcset="http://www.saintemadeleine.fr/wp-content/uploads/2020/09/conservation-des-documents-comptables.jpg 400w, http://www.saintemadeleine.fr/wp-content/uploads/2020/09/conservation-des-documents-comptables-300x225.jpg 300w" sizes="(max-width: 300px) 100vw, 300px" /></figure></div>



<div class="wp-block-cover has-background-dim has-background-gradient has-luminous-dusk-gradient-background"><div class="wp-block-cover__inner-container is-layout-flow wp-block-cover-is-layout-flow">
<p class="has-black-color has-text-color">​La gestion des établissements de l’enseignement catholique est assurée par leur OGEC (association loi 1901) qui donne à l’établissement scolaire privé catholique, son existence juridique et sa personnalité morale lui permettant d’exercer légalement ses activités.</p>



<p class="has-black-color has-text-color">Son rôle est d’ordre administratif, matériel et financier en liaison avec le chef d’établissement. Il est composé de bénévoles soucieux d’accomplir un service d’église en mettant leurs compétences professionnelles à la disposition de l’Enseignement Catholique pour l’école Sainte Madeleine.</p>



<p class="has-black-color has-text-color">​L’Ogec doit faire face à toutes les charges de fonctionnement :&nbsp;</p>



<ul><li>salaires du personnel non enseignant ou enseignant contractuel.</li><li>charges sociales</li><li>entretien et aménagement des locaux</li><li>restauration scolaire</li><li>chauffage, éclairage et sécurité</li><li>investissements immobiliers ou matériel pédagogique</li><li>matériel scolaire</li></ul>



<p class="has-black-color has-text-color">​Il doit s’assurer que l’établissement fonctionne dans les meilleures conditions possibles.</p>



<p class="has-black-color has-text-color">​Pour cela l’Ogec a différentes ressources :</p>



<ul><li>&nbsp;Un forfait versé par la commune (contrat d’association)</li><li>&nbsp;Les contributions payées par les familles</li><li>&nbsp;L’encaissement des cantines</li><li>&nbsp;Les legs, dons et subventions diverses</li></ul>



<p class="has-black-color has-text-color">​Tout au long de l’année les membres du conseil d’administration qui sont des bénévoles se réunissent pour veiller au bon fonctionnement de l’établissement.&nbsp;</p>
</div></div>



<h2 class="has-text-align-center has-vivid-green-cyan-color has-text-color wp-block-heading">L&rsquo;amicale des écoles libres</h2>



<div class="wp-block-image is-style-rounded"><figure class="aligncenter size-large is-resized"><img loading="lazy" decoding="async" src="http://www.saintemadeleine.fr/wp-content/uploads/2020/09/Batiment-primaire-1024x768.jpg" alt="" class="wp-image-134" width="512" height="384" srcset="http://www.saintemadeleine.fr/wp-content/uploads/2020/09/Batiment-primaire-1024x768.jpg 1024w, http://www.saintemadeleine.fr/wp-content/uploads/2020/09/Batiment-primaire-300x225.jpg 300w, http://www.saintemadeleine.fr/wp-content/uploads/2020/09/Batiment-primaire-768x576.jpg 768w, http://www.saintemadeleine.fr/wp-content/uploads/2020/09/Batiment-primaire-1536x1152.jpg 1536w, http://www.saintemadeleine.fr/wp-content/uploads/2020/09/Batiment-primaire.jpg 1600w" sizes="(max-width: 512px) 100vw, 512px" /></figure></div>



<div class="wp-block-cover has-background-dim has-background-gradient has-electric-grass-gradient-background"><div class="wp-block-cover__inner-container is-layout-flow wp-block-cover-is-layout-flow">
<p class="has-text-align-left has-black-color has-text-color">L’Amicale des écoles libres de Cabannes est constituée d’anciens élèves, elle est propriétaire des locaux de l’école et elle en gère les gros travaux et l’entretien en partenariat avec l’Ogec.</p>



<p class="has-black-color has-text-color">Elle existe depuis la création de l’école. C’est elle qui a financé la création des classes de maternelles, le nouveau système de chauffage, l’installation de la climatisation dans toutes les classes et la mise aux normes de tous les éclairages des classes.</p>
</div></div>



<h2 class="has-text-align-center has-vivid-red-color has-text-color wp-block-heading">L&rsquo;Association des Parents De l&rsquo;Ecole Libre : APEL</h2>



<div class="wp-block-image"><figure class="aligncenter size-large"><img loading="lazy" decoding="async" width="1024" height="701" src="http://www.saintemadeleine.fr/wp-content/uploads/2020/09/IMAGE-APEL-1024x701.jpg" alt="" class="wp-image-135" srcset="http://www.saintemadeleine.fr/wp-content/uploads/2020/09/IMAGE-APEL-1024x701.jpg 1024w, http://www.saintemadeleine.fr/wp-content/uploads/2020/09/IMAGE-APEL-300x206.jpg 300w, http://www.saintemadeleine.fr/wp-content/uploads/2020/09/IMAGE-APEL-768x526.jpg 768w, http://www.saintemadeleine.fr/wp-content/uploads/2020/09/IMAGE-APEL.jpg 1270w" sizes="(max-width: 1024px) 100vw, 1024px" /></figure></div>



<h2 class="has-text-align-center has-luminous-vivid-amber-color has-text-color wp-block-heading">Les partenaires institutionnels</h2>



<div class="wp-block-cover aligncenter has-background-dim" style="background-image:url(http://www.saintemadeleine.fr/wp-content/uploads/2020/09/logo_ec-scaled.jpg)"><div class="wp-block-cover__inner-container is-layout-flow wp-block-cover-is-layout-flow">
<p class="has-text-align-center has-black-color has-text-color has-large-font-size"><a href="https://ec-aixmarseille.fr/">https://ec-aixmarseille.fr/</a></p>
</div></div>



<p></p>

<p>L&rsquo;Organisme de Gestion des Écoles Catholiques : OGEC L&rsquo;amicale des écoles libres L&rsquo;Association des Parents De l&rsquo;Ecole Libre : APEL &hellip; </p>
